{"id":10089,"date":"2025-10-07T19:31:27","date_gmt":"2025-10-07T17:31:27","guid":{"rendered":"https:\/\/graficasciamanica.it\/?post_type=product&#038;p=10089"},"modified":"2026-01-15T16:12:49","modified_gmt":"2026-01-15T15:12:49","slug":"volare-in-alto-con-laquila-primi-passi-per-la-tua-identita-visiva","status":"publish","type":"product","link":"https:\/\/graficasciamanica.it\/index.php\/prodotto\/volare-in-alto-con-laquila-primi-passi-per-la-tua-identita-visiva\/","title":{"rendered":"Volare in alto con l&#8217;Aquila: Primi passi per la tua identit\u00e0 visiva"},"content":{"rendered":"<p data-start=\"244\" data-end=\"809\">Ispirato all\u2019Aquila, simbolo di chiarezza e visione elevata, questo workbook ti accompagna nella costruzione della tua visione personale e visiva. Attraverso esercizi guidati, meditazioni e strumenti pratici come la scelta di palette colori, font e altri elementi grafici, potrai trasformare un\u2019idea iniziale in un progetto concreto che rifletta la tua essenza e autenticit\u00e0. \u00c8 pensato per chi desidera guardare la propria creativit\u00e0 da una prospettiva pi\u00f9 alta, definire la propria identit\u00e0 visiva e portare nel mondo la propria visione con chiarezza e coerenza.<\/p>\n<p data-start=\"811\" data-end=\"837\"><strong data-start=\"811\" data-end=\"835\">Indice \u2013 A Q U I L A<\/strong><\/p>\n<ol data-start=\"838\" data-end=\"1676\">\n<li data-start=\"838\" data-end=\"917\">\n<p data-start=\"841\" data-end=\"917\">Ricerca di Visione \u2013 Scopri come esplorare e definire la tua idea iniziale<\/p>\n<\/li>\n<li data-start=\"918\" data-end=\"1024\">\n<p data-start=\"921\" data-end=\"1024\">Moodboard: cos\u2019\u00e8 e come crearla \u2013 Raccogli ispirazioni e trasformale in immagini, colori e sensazioni<\/p>\n<\/li>\n<li data-start=\"1025\" data-end=\"1106\">\n<p data-start=\"1028\" data-end=\"1106\">Teoria del Colore \u2013 I fondamenti per comunicare emozioni attraverso i colori<\/p>\n<\/li>\n<li data-start=\"1107\" data-end=\"1194\">\n<p data-start=\"1110\" data-end=\"1194\">Crea la tua Palette Colore \u2013 Trasforma l\u2019ispirazione in scelte cromatiche coerenti<\/p>\n<\/li>\n<li data-start=\"1195\" data-end=\"1279\">\n<p data-start=\"1198\" data-end=\"1279\">Anatomia del Font \u2013 Conosci le caratteristiche che rendono unico ogni carattere<\/p>\n<\/li>\n<li data-start=\"1280\" data-end=\"1391\">\n<p data-start=\"1283\" data-end=\"1391\">Scegli il Font: trova quello giusto \u2013 Guida pratica alla selezione del font che rappresenta la tua visione<\/p>\n<\/li>\n<li data-start=\"1392\" data-end=\"1481\">\n<p data-start=\"1395\" data-end=\"1481\">Mix &amp; Match: l\u2019arte di abbinare i font \u2013 Come combinare caratteri diversi in armonia<\/p>\n<\/li>\n<li data-start=\"1482\" data-end=\"1549\">\n<p data-start=\"1485\" data-end=\"1549\">Licenze dei Font \u2013 Cosa sapere per usare i font in modo sicuro<\/p>\n<\/li>\n<li data-start=\"1550\" data-end=\"1676\">\n<p data-start=\"1553\" data-end=\"1676\">Piccoli rituali giornalieri per affermare la propria visione \u2013 Esercizi pratici per nutrire la tua creativit\u00e0 ogni giorno<\/p>\n<\/li>\n<\/ol>\n<p data-start=\"1678\" data-end=\"2135\"><strong data-start=\"1678\" data-end=\"1701\">Per chi \u00e8 destinato<\/strong><br data-start=\"1701\" data-end=\"1704\" \/>Questo workbook \u00e8 pensato per chi vuole dare forma alla propria creativit\u00e0 in modo consapevole, per chi desidera definire la propria identit\u00e0 visiva e comunicare autenticamente, e per chi sente il bisogno di strumenti pratici che uniscano introspezione, design e spirito. Perfetto sia per chi \u00e8 all\u2019inizio del proprio percorso creativo sia per chi vuole approfondire la propria capacit\u00e0 di esprimere la propria visione nel mondo.<\/p>\n","protected":false},"excerpt":{"rendered":"<p>Ispirato all\u2019Aquila, questo workbook ti guida nella creazione della tua visione personale e visiva. Attraverso esercizi pratici, meditazioni e strumenti per palette colori, font e design, potrai trasformare un\u2019idea in un progetto concreto che rispecchi la tua essenza. Perfetto per chi desidera esprimere la propria creativit\u00e0 in modo autentico e consapevole.<\/p>\n<p> <a class=\"more-link\" href=\"https:\/\/graficasciamanica.it\/index.php\/prodotto\/volare-in-alto-con-laquila-primi-passi-per-la-tua-identita-visiva\/\">Leggi tutto<\/a><\/p>","protected":false},"featured_media":10090,"comment_status":"open","ping_status":"closed","template":"","meta":{"jetpack_post_was_ever_published":false},"product_brand":[],"product_cat":[445],"product_tag":[],"class_list":{"0":"post-10089","1":"product","2":"type-product","3":"status-publish","4":"has-post-thumbnail","6":"product_cat-guide-e-workbook","8":"first","9":"instock","10":"shipping-taxable","11":"product-type-external"},"jetpack_sharing_enabled":true,"_links":{"self":[{"href":"https:\/\/graficasciamanica.it\/index.php\/wp-json\/wp\/v2\/product\/10089","targetHints":{"allow":["GET"]}}],"collection":[{"href":"https:\/\/graficasciamanica.it\/index.php\/wp-json\/wp\/v2\/product"}],"about":[{"href":"https:\/\/graficasciamanica.it\/index.php\/wp-json\/wp\/v2\/types\/product"}],"replies":[{"embeddable":true,"href":"https:\/\/graficasciamanica.it\/index.php\/wp-json\/wp\/v2\/comments?post=10089"}],"wp:featuredmedia":[{"embeddable":true,"href":"https:\/\/graficasciamanica.it\/index.php\/wp-json\/wp\/v2\/media\/10090"}],"wp:attachment":[{"href":"https:\/\/graficasciamanica.it\/index.php\/wp-json\/wp\/v2\/media?parent=10089"}],"wp:term":[{"taxonomy":"product_brand","embeddable":true,"href":"https:\/\/graficasciamanica.it\/index.php\/wp-json\/wp\/v2\/product_brand?post=10089"},{"taxonomy":"product_cat","embeddable":true,"href":"https:\/\/graficasciamanica.it\/index.php\/wp-json\/wp\/v2\/product_cat?post=10089"},{"taxonomy":"product_tag","embeddable":true,"href":"https:\/\/graficasciamanica.it\/index.php\/wp-json\/wp\/v2\/product_tag?post=10089"}],"curies":[{"name":"wp","href":"https:\/\/api.w.org\/{rel}","templated":true}]}}